{"id":3429,"date":"2025-08-19T09:49:56","date_gmt":"2025-08-19T09:49:56","guid":{"rendered":"https:\/\/www.ucelotogaz.com.tr\/?post_type=product&#038;p=3429"},"modified":"2025-08-19T09:50:04","modified_gmt":"2025-08-19T09:50:04","slug":"romork-yuvarlak-reflektor-yapiskanli-sari","status":"publish","type":"product","link":"https:\/\/www.ucelotogaz.com.tr\/urun\/romork-yuvarlak-reflektor-yapiskanli-sari\/","title":{"rendered":"R\u00f6mork Yuvarlak Reflekt\u00f6r Yap\u0131\u015fkanl\u0131 Sar\u0131"},"content":{"rendered":"<p><font color=\"black\" size=\"3\"><\/p>\n<p><span style=\"color:#e74c3c;\"><span style=\"font-size:22px;\"><strong>R\u00f6mork Dikd\u00f6rtgen Reflekt\u00f6r Civatal\u0131 Sar\u0131<\/strong><\/span><\/span><\/p>\n<p><strong>Y\u00fcksek yans\u0131ma de\u011ferlerine sahiptir. Karavan, bisiklet, ara\u00e7 ve bisiklet vb ara\u00e7lar\u0131n\u0131zda g\u00f6n\u00fcl rahatl\u0131\u011f\u0131yla kullanabilirsiniz.<\/strong><\/p>\n<p><strong>Par\u00e7a Numaras\u0131&nbsp; : DF-TR016Y<\/strong><\/p>\n<p><strong><\/strong><span style=\"font-weight: bold;\">Renk&nbsp; &nbsp; &nbsp; &nbsp; &nbsp; &nbsp; &nbsp; &nbsp; &nbsp; &nbsp;: Sar\u0131<\/span><\/p>\n<p><strong><\/p>\n<p>Ebat&nbsp; &nbsp; &nbsp; &nbsp; &nbsp; &nbsp; &nbsp; &nbsp; &nbsp; &nbsp; : 70 mm<\/p>\n<p>Avrupa standartlar\u0131na uygun Ce belgeli.<\/p>\n<p><\/strong> <strong><\/p>\n<p>1 Adet fiyat\u0131d\u0131r.<\/p>\n<p><\/strong> <\/font><\/p>\n","protected":false},"excerpt":{"rendered":"<p>R\u00f6mork Yuvarlak Reflekt\u00f6r Yap\u0131\u015fkanl\u0131 Sar\u0131<\/p>\n","protected":false},"featured_media":3457,"template":"","meta":{"om_disable_all_campaigns":false,"_monsterinsights_skip_tracking":false,"_monsterinsights_sitenote_active":false,"_monsterinsights_sitenote_note":"","_monsterinsights_sitenote_category":0,"_uf_show_specific_survey":0,"_uf_disable_surveys":false,"_joinchat":[]},"product_brand":[],"product_cat":[109],"product_tag":[900],"class_list":{"0":"post-3429","1":"product","2":"type-product","3":"status-publish","4":"has-post-thumbnail","6":"product_cat-elektrik-malzemeleri","7":"product_tag-romork-yuvarlak-reflektor-yapiskanli-sari","9":"first","10":"instock","11":"shipping-taxable","12":"product-type-simple"},"_links":{"self":[{"href":"https:\/\/www.ucelotogaz.com.tr\/wp-json\/wp\/v2\/product\/3429","targetHints":{"allow":["GET"]}}],"collection":[{"href":"https:\/\/www.ucelotogaz.com.tr\/wp-json\/wp\/v2\/product"}],"about":[{"href":"https:\/\/www.ucelotogaz.com.tr\/wp-json\/wp\/v2\/types\/product"}],"wp:featuredmedia":[{"embeddable":true,"href":"https:\/\/www.ucelotogaz.com.tr\/wp-json\/wp\/v2\/media\/3457"}],"wp:attachment":[{"href":"https:\/\/www.ucelotogaz.com.tr\/wp-json\/wp\/v2\/media?parent=3429"}],"wp:term":[{"taxonomy":"product_brand","embeddable":true,"href":"https:\/\/www.ucelotogaz.com.tr\/wp-json\/wp\/v2\/product_brand?post=3429"},{"taxonomy":"product_cat","embeddable":true,"href":"https:\/\/www.ucelotogaz.com.tr\/wp-json\/wp\/v2\/product_cat?post=3429"},{"taxonomy":"product_tag","embeddable":true,"href":"https:\/\/www.ucelotogaz.com.tr\/wp-json\/wp\/v2\/product_tag?post=3429"}],"curies":[{"name":"wp","href":"https:\/\/api.w.org\/{rel}","templated":true}]}}