{"id":3472,"date":"2025-08-19T09:50:09","date_gmt":"2025-08-19T09:50:09","guid":{"rendered":"https:\/\/www.ucelotogaz.com.tr\/?post_type=product&#038;p=3472"},"modified":"2025-08-19T09:50:13","modified_gmt":"2025-08-19T09:50:13","slug":"knott-ceki-demiri-kapagi-siyah-2","status":"publish","type":"product","link":"https:\/\/www.ucelotogaz.com.tr\/urun\/knott-ceki-demiri-kapagi-siyah-2\/","title":{"rendered":"KNOTT \u00c7eki Demiri Kapa\u011f\u0131-Siyah"},"content":{"rendered":"<p><font color=\"black\" size=\"3\"><\/p>\n<p><span style=\"font-size:24px;\"><strong><span style=\"color:#e74c3c;\">KNOTT \u00c7eki Demiri Kapa\u011f\u0131 &#8211; Siyah<\/span><\/strong><\/span><\/p>\n<p><strong>\u00c7eki demiri koruyucu kapak.<\/strong><\/p>\n<p><strong><\/p>\n<p>Is\u0131ya ve so\u011fuk havaya dayan\u0131kl\u0131.&nbsp;<\/p>\n<p><\/strong> <strong><\/strong><\/p>\n<p><span style=\"font-weight: bold;\">50 mm topuzlar i\u00e7in uyumludur.<\/span><\/p>\n<p><font color=\"black\"><font size=\"3\"> <\/font><\/font><\/p>\n<p><font color=\"black\"><font size=\"3\"><strong>Par\u00e7a Numaras\u0131&nbsp;:&nbsp; 401533.001<\/strong><\/font><\/font><\/p>\n<p><font color=\"black\"><font size=\"3\"><\/p>\n<p><strong>Marka&nbsp; &nbsp; &nbsp; &nbsp; &nbsp; &nbsp; &nbsp; &nbsp; &nbsp; : KNOTT<\/strong><\/p>\n<p><strong><\/p>\n<p>Men\u015fei&nbsp; &nbsp; &nbsp; &nbsp; &nbsp; &nbsp; &nbsp; &nbsp; : Almanya<\/p>\n<p><\/strong><\/font><\/font> <\/font><\/p>\n","protected":false},"excerpt":{"rendered":"<p>KNOTT \u00c7eki Demiri Kapa\u011f\u0131-Siyah<\/p>\n","protected":false},"featured_media":3502,"template":"","meta":{"om_disable_all_campaigns":false,"_monsterinsights_skip_tracking":false,"_monsterinsights_sitenote_active":false,"_monsterinsights_sitenote_note":"","_monsterinsights_sitenote_category":0,"_uf_show_specific_survey":0,"_uf_disable_surveys":false,"_joinchat":[]},"product_brand":[],"product_cat":[111],"product_tag":[648],"class_list":{"0":"post-3472","1":"product","2":"type-product","3":"status-publish","4":"has-post-thumbnail","6":"product_cat-ceki-demiri-topuz-kapaklari","7":"product_tag-knott-ceki-demiri-kapagi-siyah","9":"first","10":"instock","11":"shipping-taxable","12":"product-type-simple"},"_links":{"self":[{"href":"https:\/\/www.ucelotogaz.com.tr\/wp-json\/wp\/v2\/product\/3472","targetHints":{"allow":["GET"]}}],"collection":[{"href":"https:\/\/www.ucelotogaz.com.tr\/wp-json\/wp\/v2\/product"}],"about":[{"href":"https:\/\/www.ucelotogaz.com.tr\/wp-json\/wp\/v2\/types\/product"}],"wp:featuredmedia":[{"embeddable":true,"href":"https:\/\/www.ucelotogaz.com.tr\/wp-json\/wp\/v2\/media\/3502"}],"wp:attachment":[{"href":"https:\/\/www.ucelotogaz.com.tr\/wp-json\/wp\/v2\/media?parent=3472"}],"wp:term":[{"taxonomy":"product_brand","embeddable":true,"href":"https:\/\/www.ucelotogaz.com.tr\/wp-json\/wp\/v2\/product_brand?post=3472"},{"taxonomy":"product_cat","embeddable":true,"href":"https:\/\/www.ucelotogaz.com.tr\/wp-json\/wp\/v2\/product_cat?post=3472"},{"taxonomy":"product_tag","embeddable":true,"href":"https:\/\/www.ucelotogaz.com.tr\/wp-json\/wp\/v2\/product_tag?post=3472"}],"curies":[{"name":"wp","href":"https:\/\/api.w.org\/{rel}","templated":true}]}}