{"id":4361,"date":"2025-11-05T09:47:04","date_gmt":"2025-11-05T09:47:04","guid":{"rendered":"https:\/\/www.ucelotogaz.com.tr\/?post_type=product&#038;p=4361"},"modified":"2025-11-05T09:47:13","modified_gmt":"2025-11-05T09:47:13","slug":"atiker-grand-lpg-kiti-2","status":"publish","type":"product","link":"https:\/\/www.ucelotogaz.com.tr\/urun\/atiker-grand-lpg-kiti-2\/","title":{"rendered":"Atiker Grand LPG Kiti"},"content":{"rendered":"<p>Atiker Grand., Atiker&#8217;in otogaz sistemleri aras\u0131nda yer alan bir \u00fcr\u00fcnd\u00fcr. Bu sistem, benzinli ara\u00e7lar\u0131 LPG&#8217;ye (s\u0131v\u0131la\u015ft\u0131r\u0131lm\u0131\u015f petrol gaz\u0131) d\u00f6n\u00fc\u015ft\u00fcrmek i\u00e7in kullan\u0131l\u0131r. Atikfast sistemi, arac\u0131n motoruna LPG&#8217;yi daha etkin bir \u015fekilde enjekte etmek i\u00e7in tasarlanm\u0131\u015ft\u0131r. Bu d\u00f6n\u00fc\u015f\u00fcm, hem yak\u0131t maliyetlerinde tasarruf sa\u011flayabilir hem de \u00e7evre dostu bir alternatif yak\u0131t kullan\u0131m\u0131na olanak tan\u0131r.<\/p>\n<p>Ayr\u0131ca 6 silindir ve 8 silindir y\u00fcksek motor hacmi ve beygir kuvvetlerini desteklemesi ile \u00f6n plana \u00e7\u0131kmaktad\u0131r.<\/p>\n<p><iframe title=\"Atiker Grand Nas\u0131l Bir \u00dcr\u00fcnd\u00fcr ? \u00d6zellikleri Nelerdir ?\" width=\"500\" height=\"281\" src=\"https:\/\/www.youtube.com\/embed\/2EWrdvBldRg?feature=oembed\" frameborder=\"0\" allow=\"accelerometer; autoplay; clipboard-write; encrypted-media; gyroscope; picture-in-picture; web-share\" referrerpolicy=\"strict-origin-when-cross-origin\" allowfullscreen><\/iframe><\/p>\n","protected":false},"excerpt":{"rendered":"<p>Atiker Grand., Atiker&#8217;in otogaz sistemleri aras\u0131nda yer alan bir \u00fcr\u00fcnd\u00fcr. Bu sistem, benzinli ara\u00e7lar\u0131 LPG&#8217;ye (s\u0131v\u0131la\u015ft\u0131r\u0131lm\u0131\u015f petrol gaz\u0131) d\u00f6n\u00fc\u015ft\u00fcrmek i\u00e7in kullan\u0131l\u0131r. Atikfast sistemi, arac\u0131n motoruna LPG&#8217;yi daha etkin bir \u015fekilde enjekte etmek i\u00e7in tasarlanm\u0131\u015ft\u0131r. Bu d\u00f6n\u00fc\u015f\u00fcm, hem yak\u0131t maliyetlerinde tasarruf sa\u011flayabilir hem de \u00e7evre dostu bir alternatif yak\u0131t kullan\u0131m\u0131na olanak tan\u0131r.<\/p>\n<p>Ayr\u0131ca 6 silindir ve 8 silindir y\u00fcksek motor hacmi ve beygir kuvvetlerini desteklemesi ile \u00f6n plana \u00e7\u0131kmaktad\u0131r.<\/p>\n[embed]https:\/\/www.youtube.com\/watch?v=2EWrdvBldRg&#038;pp=ygUMYXRpa2VyIGdyYW5k[\/embed]\n","protected":false},"featured_media":3523,"template":"","meta":{"om_disable_all_campaigns":false,"_monsterinsights_skip_tracking":false,"_monsterinsights_sitenote_active":false,"_monsterinsights_sitenote_note":"","_monsterinsights_sitenote_category":0,"_uf_show_specific_survey":0,"_uf_disable_surveys":false,"_joinchat":[]},"product_brand":[],"product_cat":[1072],"product_tag":[910,969,970,971,972,932,915,964,936,973,974,975],"class_list":{"0":"post-4361","1":"product","2":"type-product","3":"status-publish","4":"has-post-thumbnail","6":"product_cat-lpg-kitleri-lpg","7":"product_tag-atiker","8":"product_tag-cozum","9":"product_tag-donusumu","10":"product_tag-egea","11":"product_tag-en-iyi","12":"product_tag-grand","13":"product_tag-lpg","14":"product_tag-montaji","15":"product_tag-otogaz","16":"product_tag-tasarruf","17":"product_tag-ticari-taksi","18":"product_tag-yag-yakma","20":"first","21":"instock","22":"shipping-taxable","23":"product-type-simple"},"_links":{"self":[{"href":"https:\/\/www.ucelotogaz.com.tr\/wp-json\/wp\/v2\/product\/4361","targetHints":{"allow":["GET"]}}],"collection":[{"href":"https:\/\/www.ucelotogaz.com.tr\/wp-json\/wp\/v2\/product"}],"about":[{"href":"https:\/\/www.ucelotogaz.com.tr\/wp-json\/wp\/v2\/types\/product"}],"wp:featuredmedia":[{"embeddable":true,"href":"https:\/\/www.ucelotogaz.com.tr\/wp-json\/wp\/v2\/media\/3523"}],"wp:attachment":[{"href":"https:\/\/www.ucelotogaz.com.tr\/wp-json\/wp\/v2\/media?parent=4361"}],"wp:term":[{"taxonomy":"product_brand","embeddable":true,"href":"https:\/\/www.ucelotogaz.com.tr\/wp-json\/wp\/v2\/product_brand?post=4361"},{"taxonomy":"product_cat","embeddable":true,"href":"https:\/\/www.ucelotogaz.com.tr\/wp-json\/wp\/v2\/product_cat?post=4361"},{"taxonomy":"product_tag","embeddable":true,"href":"https:\/\/www.ucelotogaz.com.tr\/wp-json\/wp\/v2\/product_tag?post=4361"}],"curies":[{"name":"wp","href":"https:\/\/api.w.org\/{rel}","templated":true}]}}